5226. Determine v(402).
12
Let t(i) = -446751*i - 8488276. Give t(-19).
-7
Let i(d) = 448*d - 1023. Determine i(3).
321
Let f(c) = -c**3 + 17*c**2 - 206*c + 3178. Determine f(16).
138
Let z(j) = 61866*j - 1484797. Calculate z(24).
-13
Let q(w) = -207*w**2 - 3533*w + 7049. Calculate q(2).
-845
Let m(j) = -10*j**2 + 7247*j - 99491. Calculate m(14).
7
Let c(r) = 1958*r - 236905. What is c(121)?
13
Let q(a) = 2*a**3 - 261*a**2 + 368*a + 2467. Give q(129).
16
Let t(i) = -38*i**3 - 1374*i**2 - 215*i + 39. What is t(-36)?
3
Let g(n) = 7*n**3 - 98*n**2 + 336*n + 26. Calculate g(6).
26
Let u(d) = d**2 - 646*d + 3217. Calculate u(5).
12
Let p(n) = n**3 - 119*n**2 - 797*n + 67166. Give p(121).
11
Let k(r) = 1872*r + 43075. What is k(-23)?
19
Let n(z) = -3*z**2 + 189*z - 996. What is n(57)?
30
Let g(q) = 7337*q + 102739. Determine g(-14).
21
Let z(h) = -h**3 + 3*h**2 + 118*h + 569. Determine z(-5).
179
Let j(f) = 4*f**3 - 13*f**2 + 69*f - 222. Give j(4).
102
Let a(f) = -6*f**2 + 3295*f - 16896. Determine a(544).
-32
Let b(z) = 6*z**2 - 137*z - 189. Give b(24).
-21
Let u(o) = o**3 + 92*o**2 + 15*o - 225. What is u(-92)?
-1605
Let v(m) = 1156017*m - 1156018. Determine v(1).
-1
Let z(g) = 259*g**2 + 267*g - 303. Give z(1).
223
Let s(g) = -3*g**3 - 2618*g**2 - 1674*g + 61047. Give s(-872).
7
Let d(x) = -x**3 + 43*x**2 - 91*x + 90. Give d(41).
-279
Let p(t) = 70392*t + 15486235. Give p(-220).
-5
Let c(v) = 2*v**3 + 254*v**2 + 497*v + 573. Calculate c(-125).
948
Let i(k) = 575*k + 4556. What is i(-6)?
1106
Let f(h) = -h**3 - 11*h**2 - 113*h - 890. Determine f(-12).
610
Let u(g) = -1017*g + 46750. Calculate u(46).
-32
Let k(i) = 7734705*i + 15469406. Give k(-2).
-4
Let l(m) = 3067*m + 119603. Calculate l(-39).
-10
Let l(f) = 3*f**2 + 2514*f - 48848. Calculate l(19).
1
Let k(b) = 2*b**2 + 337*b - 131873. Determine k(186).
1
Let o(h) = -1444*h - 372553. What is o(-258)?
-1
Let h(s) = -3*s**2 + 270499*s + 2434735. Determine h(-9).
1
Let d(k) = -440*k**2 - 11254*k + 4836. What is d(-26)?
0
Let m(u) = -u**3 - 19*u**2 + 132*u + 1571. Calculate m(-8).
-189
Let f(p) = p**3 - 493*p**2 - 11839*p - 14958. Give f(516).
6
Let b(i) = -i**3 + 35*i**2 + 4360*i - 158586. What is b(37)?
-4
Let g(i) = i**3 - 46*i**2 - 293*i + 4646. Determine g(50).
-4
Let l(a) = 1603*a**2 + 44886*a + 67. Give l(-28).
11
Let w(q) = 398*q - 11478. Determine w(29).
64
Let p(m) = 13945*m + 1952281. Determine p(-140).
-19
Let p(m) = -27*m**3 - 4276*m**2 - 1452*m + 20224. What is p(-158)?
0
Let k(u) = 75*u**2 + 11180*u + 736. Calculate k(-149).
-9
Let j(m) = -4*m**2 - 126*m - 83. Determine j(-38).
-1071
Let m(u) = 4*u**3 + 2*u**2 + 312*u - 626. Determine m(2).
38
Let n(r) = r**2 - 156*r + 2917. Determine n(24).
-251
Let i(q) = -206*q**3 - 17*q**2 - 32*q + 5. What is i(-2)?
1649
Let p(r) = r**3 - 109*r**2 + 44*r - 4990. What is p(109)?
-194
Let g(l) = -46341*l + 231702. Calculate g(5).
-3
Let s(a) = -910*a + 6506. Calculate s(10).
-2594
Let z(l) = -80*l**2 - 14027*l - 4508. Determine z(-175).
217
Let s(d) = -d**3 - 39*d**2 - 28*d + 7467. Determine s(-29).
-131
Let i(l) = -l**2 - 599*l - 60287. Determine i(-128).
1
Let n(r) = -51*r**2 + 151*r - 20. What is n(9)?
-2792
Let x(c) = -4*c**2 + 837*c + 51845. What is x(-50)?
-5
Let c(j) = -128819*j + 39547427. Determine c(307).
-6
Let d(g) = -80*g**2 - 14313*g + 1225. Determine d(-179).
-28
Let b(q) = q**3 + 18*q**2 + 82*q - 96. Give b(-10).
-116
Let a(k) = 1283*k + 872441. Calculate a(-680).
1
Let i(f) = 953*f - 242069. Calculate i(254).
-7
Let h(w) = 3*w**2 + 1354*w + 6717. Calculate h(-5).
22
Let q(c) = c**2 - 2599*c + 71995. Give q(28).
7
Let k(o) = 3*o**2 - 1285*o + 17402. Calculate k(14).
0
Let z(k) = -k**3 - 11*k**2 - 340*k - 4252. Calculate z(-12).
-28
Let k(q) = q**3 - 16*q**2 + 110*q - 1200. Calculate k(13).
-277
Let x(m) = -4*m**3 + 176*m**2 + 3848*m + 118. Determine x(-16).
-10
Let f(s) = -137*s + 1027. Calculate f(20).
-1713
Let m(a) = -a**2 - 367*a + 107331. Determine m(192).
3
Let i(j) = -j**3 + 21*j**2 - 234*j + 287. What is i(12)?
-1225
Let t(m) = m**3 - 40*m**2 - 215*m + 11081. Determine t(38).
23
Let q(t) = -3*t**2 - 148*t + 1163. Determine q(-60).
-757
Let v(q) = -2*q**2 - 1131*q + 43305. What is v(36)?
-3
Let p(t) = -15188*t + 106342. Determine p(7).
26
Let c(x) = 154*x**2 - 916*x - 47. What is c(6)?
1
Let u(j) = -78*j**3 + 161*j**2 + 21*j - 61. Calculate u(2).
1
Let k(a) = -3*a**2 + 607*a + 6817. Determine k(213).
1
Let d(c) = c**2 - 16162*c - 1217784. What is d(-75)?
-9
Let u(s) = -404*s**2 + 414507*s - 3087. Determine u(1026).
-9
Let h(c) = 232107*c - 232106. Give h(1).
1
Let k(v) = -52302*v + 261326. What is k(5)?
-184
Let v(w) = -3*w**2 + 4318*w - 1497995. What is v(856)?
5
Let b(x) = 14*x**3 - 1028*x**2 - 620*x + 2065. What is b(74)?
-7
Let c(p) = -p**3 - 62*p**2 - 954*p - 347. What is c(-35)?
-32
Let c(b) = -2*b**3 - 167*b**2 + 2862*b + 1951. What is c(-98)?
-9
Let v(j) = 13*j**2 + 110*j - 713. Calculate v(7).
694
Let i(m) = -m**3 - 124*m**2 + 513*m + 48505. What is i(-125)?
5
Let f(i) = 6*i**2 - 1185*i + 55396. Calculate f(76).
-8
Let y(m) = 13*m**2 + 2*m - 441. Calculate y(-6).
15
Let v(s) = 160*s**2 - 47568*s + 14267. What is v(297)?
11
Let r(q) = q**2 + 349*q + 24361. Determine r(-110).
-1929
Let o(x) = -x**3 - 23*x**2 + 209*x + 1896. What is o(-28)?
-36
Let s(f) = 53*f**3 - 6*f**2 - 17*f + 9. Determine s(-3).
-1425
Let x(m) = -1603*m + 10847. Give x(7).
-374
Let c(t) = -425692*t + 43420585. Give c(102).
1
Let x(s) = -2*s**3 + 157*s**2 - 225*s - 476. Calculate x(77).
-14
Let r(v) = 225*v**2 + 213*v - 597. Give r(-2).
-123
Let r(f) = -20185*f + 100382. Calculate r(5).
-543
Let h(g) = -5703*g + 690058. What is h(121)?
-5
Let d(x) = -x**3 - 15*x**2 + 1867*x + 26313. What is d(-14)?
-21
Let f(i) = -38542*i - 77075. Calculate f(-2).
9
Let b(q) = -q**3 - 958*q**2 + 978*q + 18227. Determine b(-959).
6
Let z(m) = -151*m**2 - 1030*m - 53. Calculate z(-6).
691
Let a(b) = -15766*b - 31468. What is a(-2)?
64
Let m(r) = 181807*r - 145445598. Calculate m(800).
2
Let c(s) = s**3 - 157*s**2 + 1524*s - 93324. Determine c(151).
-6
Let o(t) = -6*t**3 - 3333*t**2 + 1662*t - 3382. Determine o(-556).
-46
Let j(f) = -5*f**2 + 3615*f - 271147. Determine j(638).
3
Let d(p) = -6*p**2 + 768*p - 7088. Determine d(118).
-8
Let q(r) = -190*r + 1943. What is q(12)?
-337
Let y(j) = -37*j**2 + 372*j - 383. What is y(9)?
-32
Let d(r) = -2*r**3 + 577*r**2 - 12686*r - 240. Determine d(24).
0
Let y(c) = 4656*c + 23516. Give y(-5).
236
Let r(q) = -q**2 + 3961*q + 27779. What is r(-7)?
3
Let s(v) = 358151*v + 2148960. Give s(-6).
54
Let l(h) = 32*h + 2826. Give l(-152).
-2038
Let j(u) = -286*u + 60063. What is j(210)?
3
Let s(q) = 5*q**2 + 19288*q - 563552. Give s(29).
5
Let j(x) = -73626*x - 368130. Calculate j(-5).
0
Let k(z) = -215325*z + 1076335. Calculate k(5).
-290
Let b(x) = -86*x**3 - 8*x**2 - 10*x + 8. What is b(-2)?
684
Let f(a) = 338*a**2 + 1078*a + 1077. Give f(-1).
337
Let p(f) = 8*f**2 + 8852*f - 180251. Determine p(20).
-11
Let j(c) = -249*c**2 - 6*c + 12. What is j(0)?
12
Let f(k) = -9981*k - 79848. Determine f(-8).
0
Let y(w) = -3*w**2 + 24264*w + 340270. Determine y(-14).
-14
Let q(n) = 9*n**3 - 21*n**2 - 77*n + 15. Calculate q(-5).
-1250
Let f(x) = -6840*x + 575112. Determine f(84).
552
Let t(x) = -195*x - 1705. Calculate t(-9).
50
Let o(c) = -4*c**2 + 43883*c - 744863. What is o(17)?
-8
Let t(l) = -430*l**2 - 1722*l - 55. Calculate t(-4).
-47
Let z(d) = 81*d - 15662. Give z(178).
-1244
Let u(y) = 72307*y - 361530. What is u(5)?
5
Let w(k) = -k**2 + 128*k + 4983. Give w(-32).
-137
Let s(y) = 2594*y - 1014275. Determine s(391).
-21
Let j(a) = -64474*a - 3094753. Calculate j(-48).
-1
Let p(w) = 2*w**2 - 71159*w - 640588. Calculate p(-9).
5
Let n(o) = o**3 + 51*o**2 + 488*o + 821. Give n(-10).
41
Let q(a) = a**3 - 69*a**2 - 20*a - 8600. What is q(71)?
62
Let p(n) = n**3 - 3*n**2 - 33*n + 8. Give p(6).
-82
Let x(c) = 3*c**3 + 1292*c**2 - 1690*c + 16330. Calculate x(-432).
-86
Let h(m) = 585*m**2 + 16038*m - 9573. What is h(-28)?
3
Let x(d) = 1297403*d - 6487000. What is x(5)?
15
Let u(n) = 2*n**3 - 82*n**2 + 71*n - 6555. Give u(42).
-45
Let w(b) = -322*b - 4409. What is w(-13)?
-223
Let y(q) = 2*q**2 - 8825*q + 752608. Calculate y(87).
-29
Let d(s)